h - 50 = -5*r - 0*h, -5*h + 41 = 4*r. Calculate the remainder when w is divided by r.
5
What is the remainder when 383*(-1)/6*(-1 - (4 + 1)) is divided by 19?
3
Let g(k) = 12*k + 121. Let d be g(6). Suppose -11 - d = -6*a. Calculate the remainder when 79 is divided by a.
11
Suppose -a + 2*g + 4 = -5, -5*g = -a. Suppose a*k - 376 = 7*k. What is the remainder when k is divided by 10?
7
Suppose -65*j = -70*j - 5*b + 2260, -2*b - 10 = 0. Calculate the remainder when j is divided by 98.
65
Let v(s) = s - 2. Let t be v(6). Suppose -t*r - 28 = -4*k + 20, 8 = -2*r. What is the remainder when 28 is divided by k?
4
Let n(b) = -2*b + 91. Let a be n(0). Let c = -87 + a. Suppose -c*d - 2*i + 49 = -7*i, 5*d - 5*i = 55. Calculate the remainder when 28 is divided by d.
4
What is the remainder when 10/114*1958322/355 + 4/38 is divided by 228?
28
Let s(q) = -q**3 + 7*q**2 - 8*q + 21. Let y(z) = z**2 + z - 1. Let t(f) = s(f) + 3*y(f). What is the remainder when t(9) is divided by 14?
12
Let r = -186 - -190. Suppose -v - r*g + 112 = 2*v, -4*v + 142 = -2*g. What is the remainder when 282 is divided by v?
30
Calculate the remainder when 329 is divided by (-2)/(-13) - 55005/(-3705).
14
Let g = 5085 + -5062. What is the remainder when 11382 is divided by g?
20
Let u = 111 - 38. Suppose 0 = -8*c + 48 + 232. Suppose 2*j + c = 6*w - 3*w, -55 = -2*w - 5*j. What is the remainder when u is divided by w?
13
Let k(n) = -2*n**3 + 173*n**2 + 462*n + 188. What is the remainder when k(89) is divided by 31?
27
Suppose 0 = 2*l - 11 - 13. Let m be ((52/2)/2)/(9/(-99)). Let n = 175 + m. What is the remainder when n is divided by l?
8
Suppose 3170 = 3*w + 2*y, -w + 357 = y - 698. What is the remainder when w is divided by 13?
7
Let x = -128973 + 129039. Let d(q) = 89*q**2 + 3*q - 1. Calculate the remainder when d(-3) is divided by x.
65
Let r = 583 + -33. Suppose -5*l - r = -16*l. What is the remainder when l is divided by 11?
6
Let k(b) = -b**3 - b**2 + 33. Let s = -60 + 158. Calculate the remainder when s is divided by k(0).
32
Suppose 1458 = -o + 1471. Suppose 46 + 11 = 19*f. What is the remainder when o is divided by f?
1
Let f(b) = 30*b**2 - 2*b. Let v be f(1). Suppose 5*l + v = 168. What is the remainder when ((-2)/(-3))/(4/498) is divided by l?
27
Suppose -4*i - n = 2*n + 58, -4*n + 72 = -4*i. Suppose 128*s - 128*s + 2*u = 0, s = u + 104. Calculate the remainder when s is divided by (1 - 2 - i)/1.
14
Suppose -41*r + 11256 + 4678 = -10757. Calculate the remainder when r is divided by 131.
127
Let g(x) = -x**2 - 18*x - 23. Let m(s) = 25*s + 116. Let i be m(-5). What is the remainder when g(i) is divided by 12?
10
Suppose 17*j - 18*j = -d - 31, 0 = 5*j + d - 149. Suppose -5*w = -2*u - j - 122, 2*u - 118 = -4*w. What is the remainder when 58 is divided by w?
28
Let p(c) = -5*c**2 + 3*c + 32. Let z be p(-5). What is the remainder when (27/z)/(1/(-36)) is divided by 8?
1
Let t(a) = 8055*a - 193307. Let m(k) = 14*k**2 + 5*k + 2. What is the remainder when m(-3) is divided by t(24)?
9
Let p be 12*(0 + 0 - (-3 - -4)). Let q(i) = -i - 8. Calculate the remainder when 12 is divided by q(p).
0
Let k(y) = -21*y - 88. Suppose 2*g - n + 20 = -3*n, 5 = -n. What is the remainder when k(g) is divided by 2?
1
Suppose -3*u = -5*g + 288, -4*u + u = 5*g - 312. Suppose -24 + g = 2*t. Calculate the remainder when 282 is divided by t.
12
Let k(m) = 5*m - 67. Let r be k(10). Let y = r + 81. Calculate the remainder when y is divided by 17.
13
Let l(f) be the second derivative of 7/12*f**4 + 0 + 1/2*f**3 - 2*f**2 + 1/20*f**5 + 16*f. What is the remainder when 61 is divided by l(-4)?
29
Let q = 88 + -144. Let k = q + 62. Suppose 0 = -5*v + k + 44. Calculate the remainder when 36 is divided by v.
6
Let d be (243/18)/(-9)*-2*9. Calculate the remainder when 23 is divided by 6/18*d + -3 + 0.
5
Suppose 5*o = 3*o + 5*p + 72, -5*p = 2*o - 72. What is the remainder when 1331 is divided by o?
35
Let j(l) be the first derivative of -5*l**2/2 + 61*l + 30. What is the remainder when j(0) is divided by 37?
24
Suppose 2*z - z = 15. Suppose -1568 = -169*i + 1305. What is the remainder when i is divided by z?
2
What is the remainder when 19720/12 - (-2)/3 is divided by 55?
49
Suppose 5*f - 357 = -o, 2*o - f - f = 690. Let p(x) = 585*x**2 - 14*x + 14. Let c be p(1). Let w = c - o. What is the remainder when w is divided by 48?
46
What is the remainder when 1970 is divided by ((-2)/(-6) - (-2)/3)/((-284)/(-278888))?
6
Let b = 7946 + -3607. Calculate the remainder when b is divided by 167.
164
Suppose -1278 = 25*h - 43*h. What is the remainder when h is divided by 9?
8
Let v(d) = -3*d**3 - 4*d**2 + 184*d - 11. What is the remainder when v(-12) is divided by 10?
9
Suppose 63*k + 29075 = 179*k - 10829. What is the remainder when k is divided by 55?
14
Suppose -9 = 7*i - 16*i. Calculate the remainder when i*(-155)/(-3 + 2) is divided by 42.
29
Let w(t) = t**2 + t - 1. Let y be w(-1). Let m be y/(-6) - 154/(-12). Suppose 12*o + 24 = m*o. Calculate the remainder when o is divided by 13.
11
Calculate the remainder when ((-160)/24 - -8)*(565/10 - -2) is divided by 68.
10
Let w = -78 - -80. Suppose 2*m - 4 = -5*z, w*z = 6*z. What is the remainder when (65 - (-3 + m)) + -3 is divided by 11?
8
Suppose -104*v + 8504 = 48*v - 38464. Calculate the remainder when v is divided by 1 - (-3 + 1) - -21.
21
Let g be (-1 - (-10)/22) + (-702)/(-198). Suppose 5*p + 5 = 5*a, -5 - 16 = -3*p - 5*a. What is the remainder when 84 is divided by (132/5)/g*5/p?
18
Let f(p) = 53*p - 5962. Calculate the remainder when f(119) is divided by 148.
49
Let a(o) = -o**3 - 2*o**2 - 2*o - 1. Let d(c) = 2*c**3 + 27*c**2 + 40*c + 27. Let f(l) = 4*a(l) + d(l). What is the remainder when f(11) is divided by 6?
0
Let j be (-2 + (-9)/(-6))*38. Let d(x) = x**3 - 40*x**2 - 37*x - 176. Let g be d(41). Let z = g - j. What is the remainder when 34 is divided by z?
6
Let f(n) = -316*n**3 + 3*n**2 - 5*n - 6. What is the remainder when 1157 is divided by f(-1)?
203
Let t(n) be the first derivative of -1/3*n**3 - 6*n**4 + n + n**2 + 6. Calculate the remainder when t(-1) is divided by 15.
7
Let z(l) = -2*l**2 - 21*l - 3. Suppose -3*f - f - 16 = 0. What is the remainder when 1547/13 + f/2 is divided by z(-9)?
21
Suppose -4*j = -2*j - 346. Let x = 565 - 565. Suppose -5*s - j + 553 = x. Calculate the remainder when s is divided by 20.
16
Let i = 20801 + -20693. What is the remainder when 314 is divided by i?
98
Let z = 5201 - 5032. What is the remainder when 292 is divided by z?
123
Suppose 2*c + 2*i - 38 = 0, -16*i + 14*i = 5*c - 86. What is the remainder when 376 is divided by c?
8
Suppose -62*l = -41*l - 2835. Suppose -3*o + 48*h - 45*h = -l, -3*h = 2*o - 70. Calculate the remainder when 325 is divided by o.
38
Let g(l) = 2*l**2 - 22*l - 61. Let a = 25 - -5. What is the remainder when g(17) is divided by a?
23
Let q = -172 + 188. Let h(x) = 4*x**2 + 6*x. What is the remainder when h(-6) is divided by q?
12
Suppose -2*w + 13 - 3 = 0. Suppose -5 = -5*q, -11*q + 204 = 4*r - 15*q. What is the remainder when r is divided by 11 + -2 + (w - 3)?
8
Let h(x) = 35*x - 40. Let p be h(1). Let a(t) = t**3 + 7*t**2 + 9*t + 13. What is the remainder when 66 is divided by a(p)?
12
Let c = -53 + 129. Let u(m) = m**2 - 5*m - 2. Let x be u(4). What is the remainder when c is divided by (-52)/(-8)*x/(-3)?
11
Let l be -65 - -10 - (0 - 4). Let q = 15 - l. What is the remainder when 329 is divided by q?
65
What is the remainder when 138 is divided by 10/35 - ((-1)/3)/(49/2310)?
10
Let w = -3459 - -3484. Calculate the remainder when 296 is divided by w.
21
Let d = 25 + -9. Suppose -28*x + 17*x + 22 = 0. Suppose -5*b + 2*l = -635, 3*b = x*b + 3*l + 127. Calculate the remainder when b is divided by d.
15
Suppose 7*r + r - 480 = 0. Let o(i) = 2*i**2 + 79*i - 8. Calculate the remainder when r is divided by o(-40).
28
Suppose 4407 + 10329 - 876 = 180*h. Let o be ((2 - -1) + 0)/(-1). What is the remainder when h is divided by (-1 - 12)*(o - -2)?
12
Suppose 470*v - 26448 - 9004 = 33638. What is the remainder when 548 is divided by v?
107
Suppose -418 = 6*j - 4918. Calculate the remainder when j is divided by 347.
56
Let m(i) = 2*i + 25. Suppose 2*d + 4*b = -22, 0 = -2*d + 3*b - 6 - 9. Calculate the remainder